1 (base 2) to base 13.
69190
What is -397a578 (base 12) in base 5?
-10402020214
Convert 17b692 (base 12) to base 16.
6510e
What is -51541 (base 12) in base 6?
-2135321
626260 (base 9) to base 12
15b346
30b678 (base 14) to base 10
1644938
4142013 (base 7) to base 15
9c703
What is -375324 (base 9) in base 10?
-226984
288b5c (base 13) to base 10
990586
What is -3741242 (base 8) in base 2?
-11111100001010100010
What is -10101000100011010 (base 2) in base 4?
-111010122
What is 120001320102 (base 4) in base 7?
104353611
What is -121123444 (base 7) in base 5?
-3413134102
What is 2240618 (base 11) in base 2?
1110111110001000110101
Convert 1041063 (base 8) to base 16.
44233
What is 114560 (base 10) in base 13?
401b4
46d9 (base 16) to base 15
5592
Convert 11231202 (base 5) to base 4.
120322210
-692f (base 16) to base 13
-c344
Convert -415012 (base 8) to base 6.
-2541402
e20cc (base 15) to base 14
148b6c
What is a088 (base 15) in base 7?
200525
-8d014 (base 14) to base 9
-572471
-1103025 (base 8) to base 7
-2343225
What is 41635 (base 7) in base 10?
10267
Convert -c6e2a1 (base 15) to base 13.
-1c6497a
What is -300421341 (base 6) in base 3?
-100112201200221
-391622 (base 11) to base 6
-21120255
What is 21001202022000 (base 3) in base 10?
3754566
Convert 40114330 (base 6) to base 5.
242123211
-12020101110201 (base 3) to base 2
-1010100111011011011000
-32240a (base 13) to base 12
-488729
What is 186275 (base 10) in base 8?
553643
7240276 (base 9) to base 14
728592
What is 3023241 (base 6) in base 15?
2c6da
-5034503 (base 6) to base 10
-238215
4124211311 (base 5) to base 15
b17706
Convert 14408 (base 14) to base 6.
1024200
Convert -4062 (base 8) to base 13.
-c55
Convert -6429d (base 14) to base 5.
-30221003
What is -1542324 (base 7) in base 3?
-101210000000
What is -3130120301 (base 4) in base 5?
-212341310
Convert 2d0578 (base 15) to base 6.
114403505
Convert -657766 (base 8) to base 7.
-1610552
-343314531 (base 6) to base 4
-120020000113
What is 652620 (base 7) in base 6?
2235013
What is 3100411012 (base 5) in base 12?
21206a1
-142930 (base 10) to base 5
-14033210
What is 60454 (base 11) in base 10?
88389
Convert -339474 (base 14) to base 11.
-a99040
What is -201201323 (base 4) in base 6?
-2535455
44042104 (base 5) to base 9
635184
What is -13271a (base 13) in base 11?
-2965a4
Convert -724040 (base 9) to base 8.
-1506551
Convert -2523056 (base 8) to base 6.
-22543010
-122333203 (base 4) to base 9
-177587
Convert -31b74 (base 13) to base 4.
-111323222
-8e7eb (base 15) to base 6
-13422022
Convert -a6531 (base 14) to base 3.
-202101221211
Convert 12099787 (base 10) to base 4.
232022003023
What is 26a05a (base 11) in base 2?
1100111010110011011
-62603 (base 11) to base 15
-1c077
415c8 (base 13) to base 6
2303430
What is 155364651 (base 7) in base 5?
10144143130
What is -393d0 (base 15) in base 16?
-2cb50
What is 5d256 (base 14) in base 12?
b00a4
Convert -111144364 (base 7) to base 6.
-400155441
20300222 (base 4) to base 11
24a60
Convert 111210021211002 (base 3) to base 13.
1697480
What is 144224 (base 5) in base 4?
1200231
-2d178a (base 14) to base 6
-53503314
Convert 35a594 (base 14) to base 6.
103151114
Convert de840 (base 15) to base 7.
6003624
-131bb9a (base 12) to base 11
-2148452
-200010200200 (base 3) to base 15
-70b90
Convert -111320002 (base 5) to base 14.
-cc574
Convert a9b222 (base 12) to base 16.
291c7a
-101000011010110100001 (base 2) to base 7
-14154240
Convert -11203124 (base 5) to base 4.
-120200332
-25161730 (base 8) to base 13
-11ca332
Convert 14b360 (base 14) to base 8.
2602650
Convert -1021102222 (base 4) to base 3.
-120020210121
What is 202423411 (base 6) in base 4?
31103110333
312311 (base 8) to base 2
11001010011001001
What is -10751771 (base 9) in base 7?
-62313130
-31113012 (base 4) to base 3
-2210001220
Convert -33023233 (base 4) to base 2.
-1111001011101111
What is -6ba32 (base 12) in base 6?
-3034502
What is -1110112111 (base 4) in base 14?
-8dca1
-88556 (base 9) to base 12
-2a020
What is -769128 (base 14) in base 5?
-2012121232
Convert -33120301012 (base 4) to base 10.
-4033606
-111000111011001000100 (base 2) to base 16
-1c7644
What is 21210133223 (base 4) in base 16?
2647eb
Convert -a39768 (base 12) to base 3.
-11211102111022
What is -163b68 (base 14) in base 6?
-24405320
10001001001010111010 (base 2) to base 12
23118a
What is 20380b (base 13) in base 15?
ec5b0
20322313000 (base 4) to base 15
312c2a
What is -76601 (base 14) in base 11?
-186323
What is 1aa99b (base 12) in base 4?
1303330013
-11342550 (base 6) to base 10
-355746
2330331312 (base 5) to base 3
101000111002121
-233202033 (base 4) to base 2
-101111100010001111
Convert 10a15aa (base 11) to base 9.
3545703
What is -42234401 (base 5) in base 8?
-1260334
Convert -80dc3 (base 14) to base 5.
-34410142
What is 5dd05e (base 15) in base 16?
44a614
Convert 153204 (base 7) to base 4.
13103313
Convert -177866 (base 9) to base 2.
-11011000011000011
Convert 397642 (base 12) to base 14.
1a8b2a
What is 2422146 (base 7) in base 5?
34324342
-12011212200220 (base 3) to base 2
-1010100000001010111110
-1212211221111 (base 3) to base 2
-11110100010110101100
636c36 (base 13) to base 3
11101022101000
-b8a5a3 (base 12) to base 14
-5607c7
Convert -115796 (base 11) to base 12.
-8a0ab
Convert 12135120 (base 6) to base 12.
1674a0
13c (base 14) to base 8
372
-20321311112 (base 4) to base 11
-1354663
What is 61781 (base 11) in base 5?
10340423
What is -106044402 (base 7) in base 11?
-3727a19
Convert 30313 (base 10) to base 11.
20858
Convert -713122 (base 8) to base 3.
-102221111001
Convert -20544521 (base 6) to base 10.
-604993
Convert 27476a (base 11) to base 13.
121143
What is 134514511 (base 6) in base 3?
12011120112221
What is 210137 (base 8) in base 14?
1b5a7
What is -1100001100010110010101 (base 2) in base 6?
-152301421
3343606 (base 8) to base 6
31204434
Convert 343314413 (base 5) to base 14.
2c1c8a
-112122223031 (base 4) to base 6
-325541405
113332331 (base 4) to base 6
2034445
What is -2a20b0 (base 13) in base 4?
-3330020131
Convert -1a3332 (base 16) to base 13.
-481702
Convert 1732413 (base 8) to base 15.
9e9d4
Convert -22001130 (base 5) to base 3.
-100112102120
Convert 110000101110110111101 (base 2) to base 11.
9a0822
-3dd00 (base 14) to base 6
-3142300
What is -11255333 (base 6) in base 9?
-582783
Convert -10001110100100110010111 (base 2) to base 11.
-2701078
-226626143 (base 7) to base 10
-13990364
-3222250 (base 6) to base 12
-77986
What is -2319026 (base 11) in base 2?
-1111011101011110111011
Convert -10202342310 (base 5) to base 12.
-36687b6
10010111001011000001111 (base 2) to base 13
1045944
Convert -101131001102 (base 4) to base 10.
-4575314
What is 2203101333 (base 4) in base 15?
d3269
-100075 (base 14) to base 4
-2003111013
Convert -145750 (base 9) to base 15.
-1b800
Convert 4014021034 (base 5) to base 11.
4543391
-314252244 (base 6) to base 15
-742db7
What is 1010120221221 (base 3) in base 15?
bd61a
Convert -177006 (base 11) to base 5.
-32212421
Convert 78b0a (base 12) to base 16.
2733a
What is 1110505002 (base 6) in base 13?
266b1a2
-202111230213 (base 4) to base 2
-100010010101101100100111
What is -2b557 (base 13) in base 4?
-110010132
Convert -1a2bc (base 16) to base 13.
-39a3b
What is 22212773 (base 8) in base 5?
2211233010
Convert 159e7f (base 16) to base 8.
5317177
-454431134 (base 6) to base 5
-4113340114
1224342 (base 5) to base 2
101110010101010
Convert 221132200 (base 5) to base 11.
5a5096
Convert 6453470 (base 8) to base 14.
32d168
Convert 1250406 (base 7) to base 2.
100111111010001110
Convert -130ab47 (base 13) to base 11.
-3404302
-32311301320 (base 4) to base 6
-215214344
Convert -113609 (base 13) to base 14.
-a86cc
What is 1122012100120 (base 3) in base 16?
d4643
Convert -1002321223 (base 4) to base 16.
-42e6b
What is 33010122 (base 4) in base 10?
61722
Convert -58533 (base 10) to base 15.
-12523
Convert 3096b1 (base 12) to base 10.
763045
Convert 5231 (base 13) to base 6.
124335
What is 6d02c (base 15) in base 8?
1247023
Convert 16346746 (base 9) to base 10.
8179989
Convert -2b5702 (base 16) to base 11.
-166aa81
What is 10111012202 (base 3) in base 8?
206111
278770 (base 15) to base 5
441324210
What is -210231113 (base 4) in base 15?
-2e83e
1010100002101 (base